057.
151
Calculate the highest common divisor of 256616 and 3208.
8
Calculate the highest common divisor of 19580 and 165632115.
4895
Calculate the greatest common factor of 347917080 and 35.
35
What is the greatest common factor of 49453 and 71723?
17
Calculate the highest common factor of 295735817 and 23.
23
Calculate the highest common factor of 660231 and 6864.
429
Calculate the greatest common factor of 38262 and 85180322.
1822
Calculate the greatest common divisor of 93102 and 5269998.
354
What is the highest common factor of 3606979 and 458?
229
What is the greatest common divisor of 437 and 14707577?
19
Calculate the highest common factor of 13568 and 808.
8
What is the greatest common divisor of 88752 and 24227232?
2064
Calculate the greatest common factor of 40834158 and 96.
6
What is the greatest common factor of 13 and 33536230?
13
Calculate the greatest common factor of 1358 and 3219236.
194
Calculate the greatest common factor of 3960310 and 70.
10
Calculate the greatest common divisor of 6115910 and 25.
5
What is the highest common factor of 411 and 201249?
3
What is the highest common divisor of 423 and 1270128?
141
What is the greatest common factor of 2449792 and 8064?
128
What is the highest common factor of 6893 and 92999?
113
Calculate the highest common factor of 541146 and 88.
2
What is the greatest common factor of 15 and 84082320?
15
What is the highest common factor of 284399 and 3216631?
191
What is the highest common divisor of 78784 and 67572052?
4924
Calculate the greatest common factor of 76309478 and 14.
14
Calculate the greatest common factor of 1994 and 25166.
2
What is the greatest common factor of 3926 and 3737401?
151
What is the greatest common factor of 59 and 12585821?
59
What is the greatest common factor of 425 and 55037075?
425
What is the highest common divisor of 9896 and 21032?
8
Calculate the greatest common divisor of 17612 and 6911415.
259
What is the greatest common divisor of 3500040 and 360?
120
Calculate the greatest common divisor of 32356 and 60364.
4
Calculate the highest common divisor of 131597 and 3043.
17
Calculate the greatest common divisor of 2609 and 101521408.
2609
What is the greatest common factor of 1258 and 11365586?
74
Calculate the highest common factor of 344 and 11615074.
86
What is the highest common divisor of 721198326 and 22779?
7593
Calculate the highest common divisor of 5488 and 14714357.
343
What is the greatest common factor of 347392 and 5900?
236
Calculate the greatest common divisor of 310 and 29026912.
62
What is the greatest common divisor of 2376 and 1948248?
72
Calculate the greatest common factor of 2960 and 77532760.
1480
Calculate the greatest common factor of 77880267 and 153.
9
Calculate the greatest common divisor of 1344 and 291032.
56
What is the highest common divisor of 180 and 22530804?
12
What is the greatest common divisor of 17 and 42370596?
17
What is the greatest common factor of 14 and 44386839?
7
What is the highest common factor of 74968 and 872?
8
Calculate the highest common divisor of 76 and 121045789.
19
Calculate the greatest common divisor of 3418051 and 286.
13
What is the greatest common divisor of 9080 and 78700?
20
What is the greatest common factor of 133523 and 21073?
13
What is the greatest common factor of 4256496 and 11356?
668
Calculate the greatest common factor of 67 and 54871.
1
Calculate the greatest common factor of 85439920 and 80.
80
What is the greatest common factor of 750640 and 506?
22
Calculate the highest common factor of 19069113 and 1071.
21
What is the greatest common divisor of 146935055 and 5255?
5255
What is the greatest common divisor of 69267282 and 986?
34
Calculate the greatest common factor of 5968 and 24137576.
2984
What is the highest common factor of 737448995 and 19?
19
Calculate the greatest common factor of 454840 and 1445.
5
What is the greatest common factor of 372 and 6451812?
12
Calculate the highest common factor of 1952 and 55820612.
244
What is the highest common divisor of 73112 and 6285656?
1976
What is the highest common factor of 2695 and 13557565?
245
What is the greatest common factor of 536 and 2349608?
8
What is the highest common factor of 6331160 and 2420?
220
Calculate the greatest common divisor of 167913 and 396576.
243
Calculate the highest common factor of 941483424 and 420.
84
What is the greatest common factor of 3764845478 and 43?
43
Calculate the greatest common factor of 3133 and 372530811.
241
Calculate the highest common divisor of 128487042 and 18.
18
What is the highest common divisor of 219935 and 45?
5
What is the highest common factor of 84060 and 1994940?
180
Calculate the greatest common factor of 4389 and 23272131.
57
Calculate the highest common factor of 841491 and 203490.
1197
Calculate the highest common factor of 109136 and 10944.
304
Calculate the greatest common divisor of 2438951 and 1784.
223
What is the highest common factor of 119626 and 26103506?
2782
Calculate the highest common divisor of 5612180 and 7140.
140
What is the highest common factor of 20260 and 52660?
20
Calculate the greatest common factor of 300 and 209226.
6
What is the greatest common factor of 306358 and 39?
13
Calculate the greatest common divisor of 4116 and 128540622.
2058
What is the highest common divisor of 130 and 14810315?
65
What is the highest common factor of 734576 and 780208?
496
What is the greatest common factor of 17436 and 82548?
12
What is the greatest common factor of 126763 and 17953?
13
Calculate the greatest common divisor of 1156968 and 2502.
18
Calculate the greatest common factor of 35258 and 24400.
122
What is the highest common factor of 3654140 and 910?
70
What is the greatest common divisor of 18 and 9123?
3
What is the highest common divisor of 7644774 and 6?
6
Calculate the highest common divisor of 143485816 and 41782.
3214
What is the highest common factor of 7313 and 7598917?
71
Calculate the greatest common factor of 392407 and 26353.
361
Calculate the greatest common divisor of 5324196 and 816.
204
Calculate the greatest common factor of 649 and 1058233.
11
Calculate the greatest common divisor of 452136 and 1208.
8
What is the highest common factor of 94643 and 48848?
3053
Calculate the highest common factor of 604 and 42220808.
604
Calculate the greatest common divisor of 188 and 1799066.
94
Calculate the highest common factor of 4576905 and 108.
27
What is the greatest common divisor of 2950 and 31177075?
1475
Calculate the greatest common factor of 435538 and 44609426.
7382
What is the highest common factor of 1683 and 18170739?
153
What is the greatest common factor of 89254616 and 2200?
88
What is the highest common divisor of 67346712 and 1746?
1746
What is the highest common divisor of 3466234 and 1252619?
1511
What is the greatest common divisor of 1349 and 37687165?
19
What is the greatest common factor of 118116 and 348228?
612
Calculate the highest common factor of 468272 and 10064.
592
What is the highest common factor of 975648 and 6792?
24
Calculate the highest common divisor of 2102 and 62223404.
2102
Calculate the greatest common factor of 15531103 and 47.
47
Calculate the highest common divisor of 77825 and 11589699.
3113
What is the highest common divisor of 527 and 130324?
31
Calculate the greatest common divisor of 13971294 and 306.
18
What is the highest common divisor of 74888 and 21988?
92
What is the greatest common divisor of 6380 and 1662980?
220
What is the greatest common divisor of 11396400 and 984?
24
Calculate the greatest common factor of 748 and 351076.
44
What is the highest common factor of 162972885 and 12?
3
What is the highest common divisor of 4046 and 134674?
578
What is the greatest common factor of 4405300 and 575?
25
What is the highest common factor of 212 and 38733566?
106
Calculate the greatest common divisor of 36182 and 699824.
458
What is the greatest common divisor of 9195730 and 40?
10
What is the highest common factor of 300 and 16476100?
100
What is the greatest common divisor of 183577455 and 27?
27
What is the highest common factor of 30744360 and 2160?
1080
Calculate the highest common divisor of 149864 and 5512.
104
Calculate the greatest common divisor of 105125284 and 1452.
4